 {"id":204,"date":"2022-09-28T11:34:35","date_gmt":"2022-09-28T11:34:35","guid":{"rendered":"http:\/\/fivta.net\/?post_type=product&#038;p=204"},"modified":"2022-09-28T22:30:05","modified_gmt":"2022-09-28T22:30:05","slug":"firefox-arc-compound-cb2-fishing-bow-rtf","status":"publish","type":"product","link":"https:\/\/fivta.net\/?product=firefox-arc-compound-cb2-fishing-bow-rtf","title":{"rendered":"Firefox Arc Compound \u00ab\u00a0CB2 Fishing Bow\u00a0\u00bb RTF"},"content":{"rendered":"<div class=\"contenu_editeur\">\n<p>Arc RTF &#8211; Ready-to-Fish.<\/p>\n<p>Ensemble pour la p\u00eache \u00e0 l&rsquo;arc.<\/p>\n<p>&nbsp;<\/p>\n<p>Sur la base d&rsquo;un arc CB 2.<\/p>\n<ul>\n<li>Allonge r\u00e9glable de 20&Prime; \u00e0 29&Prime;,<\/li>\n<li>Puissance de 15# \u00e0 55#.<\/li>\n<\/ul>\n<p>Equip\u00e9 avec :<\/p>\n<ul>\n<li><a class=\"linking\" title=\"Viseur\" href=\"https:\/\/www.francearcherie.com\/accessoires-pour-larc-viseurs-de-cible-xsl-889_894_915_954.html\">Viseur<\/a>,<\/li>\n<li>Repose-fl\u00e8che,<\/li>\n<li>Moulinet + extension,<\/li>\n<li>Fl\u00e8che de p\u00eache avec pointe.<\/li>\n<\/ul>\n<p><strong>Disponible uniquement en droitier.<\/strong><\/p>\n<\/div>\n","protected":false},"excerpt":{"rendered":"<p>Arc RTF &#8211; Ready-to-Fish. Ensemble pour la p\u00eache \u00e0 l&rsquo;arc. &nbsp; Sur la base d&rsquo;un arc CB 2. Allonge r\u00e9glable de 20&Prime; \u00e0 29&Prime;, Puissance de 15# \u00e0 55#. Equip\u00e9 avec : Viseur, Repose-fl\u00e8che, Moulinet + extension, Fl\u00e8che de p\u00eache avec pointe. Disponible uniquement en droitier.<\/p>\n","protected":false},"featured_media":205,"template":"","meta":[],"product_brand":[],"product_cat":[18],"product_tag":[],"class_list":{"0":"post-204","1":"product","2":"type-product","3":"status-publish","4":"has-post-thumbnail","6":"product_cat-non-classe","8":"first","9":"instock","10":"shipping-taxable","11":"product-type-simple"},"_links":{"self":[{"href":"https:\/\/fivta.net\/index.php?rest_route=\/wp\/v2\/product\/204","targetHints":{"allow":["GET"]}}],"collection":[{"href":"https:\/\/fivta.net\/index.php?rest_route=\/wp\/v2\/product"}],"about":[{"href":"https:\/\/fivta.net\/index.php?rest_route=\/wp\/v2\/types\/product"}],"wp:featuredmedia":[{"embeddable":true,"href":"https:\/\/fivta.net\/index.php?rest_route=\/wp\/v2\/media\/205"}],"wp:attachment":[{"href":"https:\/\/fivta.net\/index.php?rest_route=%2Fwp%2Fv2%2Fmedia&parent=204"}],"wp:term":[{"taxonomy":"product_brand","embeddable":true,"href":"https:\/\/fivta.net\/index.php?rest_route=%2Fwp%2Fv2%2Fproduct_brand&post=204"},{"taxonomy":"product_cat","embeddable":true,"href":"https:\/\/fivta.net\/index.php?rest_route=%2Fwp%2Fv2%2Fproduct_cat&post=204"},{"taxonomy":"product_tag","embeddable":true,"href":"https:\/\/fivta.net\/index.php?rest_route=%2Fwp%2Fv2%2Fproduct_tag&post=204"}],"curies":[{"name":"wp","href":"https:\/\/api.w.org\/{rel}","templated":true}]}}