 {"id":195,"date":"2022-09-28T11:18:05","date_gmt":"2022-09-28T11:18:05","guid":{"rendered":"http:\/\/fivta.net\/?post_type=product&#038;p=195"},"modified":"2022-09-28T22:31:06","modified_gmt":"2022-09-28T22:31:06","slug":"sebastien-flute-branches-neo-fibre","status":"publish","type":"product","link":"https:\/\/fivta.net\/?product=sebastien-flute-branches-neo-fibre","title":{"rendered":"S\u00e9bastien Flute Branches NEO (fibre)"},"content":{"rendered":"<div class=\"contenu_editeur\">\n<p>Branches pour arc classique.<\/p>\n<p>Branches fibres (Pultrusion Glass &#8211; permet un profil \u00e0 sections constantes).<\/p>\n<p>&nbsp;<\/p>\n<ul>\n<li>Syst\u00e8me de fixation ILF,<\/li>\n<li>Puissances disponibles de 18# \u00e0 44#,<\/li>\n<li>Tailles disponibles : Short (SH &#8211; 66&Prime;), Medium (MD &#8211; 68&Prime;), Long (LG &#8211; 70&Prime;) &#8211; Pour une poign\u00e9e de 25&Prime;,<\/li>\n<li>Bois, Fibre.<\/li>\n<\/ul>\n<\/div>\n","protected":false},"excerpt":{"rendered":"<p>Branches pour arc classique. Branches fibres (Pultrusion Glass &#8211; permet un profil \u00e0 sections constantes). &nbsp; Syst\u00e8me de fixation ILF, Puissances disponibles de 18# \u00e0 44#, Tailles disponibles : Short (SH &#8211; 66&Prime;), Medium (MD &#8211; 68&Prime;), Long (LG &#8211; 70&Prime;) &#8211; Pour une poign\u00e9e de 25&Prime;, Bois, Fibre.<\/p>\n","protected":false},"featured_media":196,"template":"","meta":[],"product_brand":[],"product_cat":[18],"product_tag":[],"class_list":{"0":"post-195","1":"product","2":"type-product","3":"status-publish","4":"has-post-thumbnail","6":"product_cat-non-classe","8":"first","9":"instock","10":"shipping-taxable","11":"product-type-simple"},"_links":{"self":[{"href":"https:\/\/fivta.net\/index.php?rest_route=\/wp\/v2\/product\/195","targetHints":{"allow":["GET"]}}],"collection":[{"href":"https:\/\/fivta.net\/index.php?rest_route=\/wp\/v2\/product"}],"about":[{"href":"https:\/\/fivta.net\/index.php?rest_route=\/wp\/v2\/types\/product"}],"wp:featuredmedia":[{"embeddable":true,"href":"https:\/\/fivta.net\/index.php?rest_route=\/wp\/v2\/media\/196"}],"wp:attachment":[{"href":"https:\/\/fivta.net\/index.php?rest_route=%2Fwp%2Fv2%2Fmedia&parent=195"}],"wp:term":[{"taxonomy":"product_brand","embeddable":true,"href":"https:\/\/fivta.net\/index.php?rest_route=%2Fwp%2Fv2%2Fproduct_brand&post=195"},{"taxonomy":"product_cat","embeddable":true,"href":"https:\/\/fivta.net\/index.php?rest_route=%2Fwp%2Fv2%2Fproduct_cat&post=195"},{"taxonomy":"product_tag","embeddable":true,"href":"https:\/\/fivta.net\/index.php?rest_route=%2Fwp%2Fv2%2Fproduct_tag&post=195"}],"curies":[{"name":"wp","href":"https:\/\/api.w.org\/{rel}","templated":true}]}}