 {"id":48,"date":"2022-09-03T17:58:04","date_gmt":"2022-09-03T17:58:04","guid":{"rendered":"http:\/\/fivta.net\/?page_id=48"},"modified":"2022-09-03T23:54:56","modified_gmt":"2022-09-03T23:54:56","slug":"histoire-de-la-fivta","status":"publish","type":"page","link":"https:\/\/fivta.net\/?page_id=48","title":{"rendered":"Histoire de la FIVTA"},"content":{"rendered":"\n<p><a href=\"http:\/\/www.fivta.net\/apropos\/photo1.jpg\"><\/a>Le tir \u00e0 l&rsquo;arc trouve ses origines dans toutes les soci\u00e9t\u00e9s traditionnelles au Moyen \u00e2ge. Il servait d&rsquo;abord \u00e0 la chasse puis est devenu une arme dans toutes ces soci\u00e9t\u00e9s pour la conqu\u00eate de nouveaux territoires donc pour la guerre.<\/p>\n\n\n\n<p>Aux USA, ce sont les tribus indiennes qui utilisaient l&rsquo;arc et les fl\u00e8ches pour se prot\u00e9ger de leurs adversaires. Puis l&rsquo;apparition des armes \u00e0 feu provoque la fin de l&rsquo;utilisation militaire de l&rsquo;arc.<br><br><a href=\"http:\/\/www.fivta.net\/apropos\/photo7.JPG\"><\/a>Dans tous les pays africains et dans la civilisation Egyptienne, la pratique du tir \u00e0 l&rsquo;arc faisait partir du quotidien. En C\u00f4te d&rsquo;Ivoire, c&rsquo;est particuli\u00e8rement chez les Lobi et les S\u00e9noufo que la pratique du tir \u00e0 l&rsquo;arc s&rsquo;est fort bien illustr\u00e9e. Le tir \u00e0 l&rsquo;arc devient alors un loisir puis un sport \u00e0 part enti\u00e8re.<br><br>Cette discipline a connu une progression rapide en tant que sport de haut niveau surtout aux Jeux Olympiques depuis sa premi\u00e8re participation en 1900 aux Jeux Olympiques de Paris en France.<br><br>Pour sa gestion et son d\u00e9veloppement, une F\u00e9d\u00e9ration Internationale de Tir \u00e0 l&rsquo;Arc a \u00e9t\u00e9 fond\u00e9e en 1931, cr\u00e9ant ainsi un cadre r\u00e9glementaire de pratique de ce sport.&nbsp;<br><br><a href=\"http:\/\/www.fivta.net\/apropos\/photo4.JPG\"><\/a>En C\u00f4te d&rsquo;Ivoire, la gestion du tir \u00e0 l&rsquo;arc \u00e9tait faite par la F\u00e9d\u00e9ration ivoirienne de tir. Il a donc fallu que les groupes isol\u00e9s qui pratiquaient cette discipline depuis quelques ann\u00e9es d\u00e9j\u00e0 (1988), eu \u00e9gard \u00e0 l&rsquo;existence d&rsquo;une f\u00e9d\u00e9ration internationale de tir \u00e0 l&rsquo;arc, ont d\u00e9cid\u00e9 de la cr\u00e9ation d&rsquo;une f\u00e9d\u00e9ration nationale ivoirienne de tir \u00e0 l&rsquo;arc.<br><br>C&rsquo;est le 24 avril 1999 que trois (3) clubs ont cr\u00e9\u00e9 la f\u00e9d\u00e9ration ivoirienne de tir \u00e0 l&rsquo;arc \u00e0 l&rsquo;issue d&rsquo;une assembl\u00e9e g\u00e9n\u00e9rale. La FIVTA s&rsquo;est ensuite affili\u00e9e \u00e0 la World Archery Federation (F\u00e9d\u00e9ration Internationale de Tir \u00e0 l&rsquo;Arc \u2013 FITA).<br><br>Elle est devenue membre de la World Archery Federation (F\u00e9d\u00e9ration Internationale de Tir \u00e0 l&rsquo;Arc \u2013 FITA) depuis le Congr\u00e8s de 2001.<br><br><a href=\"http:\/\/www.fivta.net\/apropos\/photo5.JPG\"><\/a>La World Archery Federation (F\u00e9d\u00e9ration Internationale de Tir \u00e0 l&rsquo;Arc \u2013 FITA) dont le Si\u00e8ge est \u00e0 Lausanne en Suisse compte en son sein de nombreuses f\u00e9d\u00e9rations nationales de plusieurs pays du monde (Afrique \u2013 Am\u00e9rique \u2013 Asie \u2013 Europe \u2013 Oc\u00e9anie).<br><br>Si la pratique du Tir \u00e0 l&rsquo;Arc en C\u00f4te d&rsquo;Ivoire a \u00e9t\u00e9 pendant longtemps le fait de quelques passionn\u00e9s isol\u00e9s, le Tir \u00e0 l&rsquo;Arc version World Archery Federation (F\u00e9d\u00e9ration Internationale de Tir \u00e0 l&rsquo;Arc \u2013 FITA) a \u00e9t\u00e9 introduit en C\u00f4te d&rsquo;Ivoire par le canal de Monsieur M\u00e9ral Joseph, pr\u00e9sident du club des archers de Daloa en 1986.<br><br>Depuis, ce sport est pratiqu\u00e9 par des clubs bien structur\u00e9s avec de nombreuses comp\u00e9titions internes.<br><br>Cette situation a contribu\u00e9 \u00e0 faire des archers ivoiriens, des athl\u00e8tes jouissant d&rsquo;une exp\u00e9rience qui profite aujourd&rsquo;hui aux actions de la F.IV.T.A.<br><br><a href=\"http:\/\/www.fivta.net\/apropos\/photo3.JPG\"><\/a>Depuis quelques ann\u00e9es, les exp\u00e9riences effectu\u00e9es dans diverses communes et les diff\u00e9rentes s\u00e9ances d&rsquo;entra\u00eenements et stages ont permis de mettre en \u00e9vidence la possibilit\u00e9 de parvenir \u00e0 faire du Tir \u00e0 l&rsquo;Arc, un sport populaire.<br><br>L&rsquo;initiation et l&rsquo;encadrement de plus grands nombres de jeunes dans les \u00e9tablissements sportifs et scolaires et la sensibilisation des pouvoirs publics et les collectivit\u00e9s locales feront du Tir \u00e0 l&rsquo;Arc une discipline qui gagnera le c\u0153ur du public sportif ivoirien.<\/p>\n\n\n\n<p>Des \u00e9tudes \u00e0 ce propos sont en bonnes voies. Elles se trouvent fortement justifi\u00e9es et confort\u00e9es par les r\u00e9actions du grand public.<\/p>\n\n\n\n<p><a href=\"http:\/\/www.fivta.net\/apropos\/photo6.JPG\"><\/a>Nous avons pour preuve la r\u00e9cente participation des Archers de l&rsquo;Association Sportive des Archers d&rsquo;Abidjan (ASAA) au 1er Salon des Sports et Loisirs \u00e0 Abidjan 2009, remportant le troph\u00e9e SGBCI de la Meilleurs F\u00e9d\u00e9ration participante et la FIVTA qui remporte le troph\u00e9e de la meilleure f\u00e9d\u00e9ration \u00e0 l&rsquo;\u00e9dition 2010 de ce m\u00eame salon.<br><br>Toute chose qui fait de la C\u00f4te d&rsquo;Ivoire un terrain propice au d\u00e9veloppement et \u00e0 la vulgarisation du Tir \u00e0 l&rsquo;Arc.<br><br>La r\u00e9cente victoire de nos athl\u00e8tes aux comp\u00e9titions internationales : champion d&rsquo;Afrique de tir en plein air en mars 2012 et la qualification pour les Jeux Olympiques de Londres 2012 et les pr\u00e9c\u00e9dentes victoires au TIZOCATA sont des \u00e9l\u00e9ments catalyseurs des jeunes qui s&rsquo;int\u00e9ressent \u00e0 ce sport ainsi que les autorit\u00e9s administratives sportives nationales.<\/p>\n\n\n\n<figure class=\"wp-block-table\"><table><tbody><tr><td><img loading=\"lazy\" decoding=\"async\" src=\"http:\/\/www.fivta.net\/apropos\/essis.png\" width=\"106\" height=\"125\"><br><br><strong>Monsieur ESSIS Mi-Car\u00eame Mo\u00efse<\/strong><br><br>Depuis le 05 d\u00e9cembre 2009<\/td><td><img loading=\"lazy\" decoding=\"async\" src=\"http:\/\/www.fivta.net\/apropos\/cisse.png\" width=\"106\" height=\"125\"><br><br><strong>Monsieur CISSE Ousmane Yannick<\/strong><br><br>24 Avril 1999 \u2013 27 juin 2009<\/td><\/tr><\/tbody><\/table><\/figure>\n","protected":false},"excerpt":{"rendered":"<p>Le tir \u00e0 l&rsquo;arc trouve ses origines dans toutes les soci\u00e9t\u00e9s traditionnelles au Moyen \u00e2ge. Il servait d&rsquo;abord \u00e0 la chasse puis est devenu une arme dans toutes ces soci\u00e9t\u00e9s pour la conqu\u00eate de nouveaux territoires donc pour la guerre. Aux USA, ce sont les tribus indiennes qui utilisaient l&rsquo;arc et les fl\u00e8ches pour se [&hellip;]<\/p>\n","protected":false},"author":1,"featured_media":0,"parent":0,"menu_order":0,"comment_status":"closed","ping_status":"closed","template":"","meta":{"footnotes":""},"class_list":["post-48","page","type-page","status-publish","hentry"],"_links":{"self":[{"href":"https:\/\/fivta.net\/index.php?rest_route=\/wp\/v2\/pages\/48","targetHints":{"allow":["GET"]}}],"collection":[{"href":"https:\/\/fivta.net\/index.php?rest_route=\/wp\/v2\/pages"}],"about":[{"href":"https:\/\/fivta.net\/index.php?rest_route=\/wp\/v2\/types\/page"}],"author":[{"embeddable":true,"href":"https:\/\/fivta.net\/index.php?rest_route=\/wp\/v2\/users\/1"}],"replies":[{"embeddable":true,"href":"https:\/\/fivta.net\/index.php?rest_route=%2Fwp%2Fv2%2Fcomments&post=48"}],"version-history":[{"count":2,"href":"https:\/\/fivta.net\/index.php?rest_route=\/wp\/v2\/pages\/48\/revisions"}],"predecessor-version":[{"id":69,"href":"https:\/\/fivta.net\/index.php?rest_route=\/wp\/v2\/pages\/48\/revisions\/69"}],"wp:attachment":[{"href":"https:\/\/fivta.net\/index.php?rest_route=%2Fwp%2Fv2%2Fmedia&parent=48"}],"curies":[{"name":"wp","href":"https:\/\/api.w.org\/{rel}","templated":true}]}}